{"id":1398,"date":"2024-01-16T17:07:55","date_gmt":"2024-01-16T16:07:55","guid":{"rendered":"https:\/\/compraspt.com\/home\/?page_id=1398"},"modified":"2024-02-16T12:58:45","modified_gmt":"2024-02-16T11:58:45","slug":"condicoes-gerais-de-adesao","status":"publish","type":"page","link":"https:\/\/compraspt.com\/home\/condicoes-gerais-de-adesao\/","title":{"rendered":"Condi\u00e7\u00f5es Gerais de Ades\u00e3o"},"content":{"rendered":"\t\t<div data-elementor-type=\"wp-page\" data-elementor-id=\"1398\" class=\"elementor elementor-1398\">\n\t\t\t\t\t\t<section class=\"elementor-section elementor-top-section elementor-element elementor-element-36a0952e elementor-section-boxed elementor-section-height-default elementor-section-height-default wpr-particle-no wpr-jarallax-no wpr-parallax-no wpr-sticky-section-no\" data-id=\"36a0952e\" data-element_type=\"section\">\n\t\t\t\t\t\t<div class=\"elementor-container elementor-column-gap-default\">\n\t\t\t\t\t<div class=\"elementor-column elementor-col-100 elementor-top-column elementor-element elementor-element-a0cb009\" data-id=\"a0cb009\" data-element_type=\"column\">\n\t\t\t<div class=\"elementor-widget-wrap elementor-element-populated\">\n\t\t\t\t\t\t<div class=\"elementor-element elementor-element-5694fa83 elementor-widget elementor-widget-heading\" data-id=\"5694fa83\" data-element_type=\"widget\" data-widget_type=\"heading.default\">\n\t\t\t\t<div class=\"elementor-widget-container\">\n\t\t\t<style>\/*! elementor - v3.19.0 - 07-02-2024 *\/\n.elementor-heading-title{padding:0;margin:0;line-height:1}.elementor-widget-heading .elementor-heading-title[class*=elementor-size-]>a{color:inherit;font-size:inherit;line-height:inherit}.elementor-widget-heading .elementor-heading-title.elementor-size-small{font-size:15px}.elementor-widget-heading .elementor-heading-title.elementor-size-medium{font-size:19px}.elementor-widget-heading .elementor-heading-title.elementor-size-large{font-size:29px}.elementor-widget-heading .elementor-heading-title.elementor-size-xl{font-size:39px}.elementor-widget-heading .elementor-heading-title.elementor-size-xxl{font-size:59px}<\/style><h2 class=\"elementor-heading-title elementor-size-default\">CONDI\u00c7\u00d5ES GERAIS DE ADES\u00c3O<\/h2>\t\t<\/div>\n\t\t\t\t<\/div>\n\t\t\t\t\t<\/div>\n\t\t<\/div>\n\t\t\t\t\t<\/div>\n\t\t<\/section>\n\t\t\t\t<section class=\"elementor-section elementor-top-section elementor-element elementor-element-18fc658a elementor-section-boxed elementor-section-height-default elementor-section-height-default wpr-particle-no wpr-jarallax-no wpr-parallax-no wpr-sticky-section-no\" data-id=\"18fc658a\" data-element_type=\"section\">\n\t\t\t\t\t\t<div class=\"elementor-container elementor-column-gap-default\">\n\t\t\t\t\t<div class=\"elementor-column elementor-col-100 elementor-top-column elementor-element elementor-element-63207adc\" data-id=\"63207adc\" data-element_type=\"column\">\n\t\t\t<div class=\"elementor-widget-wrap elementor-element-populated\">\n\t\t\t\t\t\t<div class=\"elementor-element elementor-element-527e635f elementor-widget elementor-widget-text-editor\" data-id=\"527e635f\" data-element_type=\"widget\" data-widget_type=\"text-editor.default\">\n\t\t\t\t<div class=\"elementor-widget-container\">\n\t\t\t<style>\/*! elementor - v3.19.0 - 07-02-2024 *\/\n.elementor-widget-text-editor.elementor-drop-cap-view-stacked .elementor-drop-cap{background-color:#69727d;color:#fff}.elementor-widget-text-editor.elementor-drop-cap-view-framed .elementor-drop-cap{color:#69727d;border:3px solid;background-color:transparent}.elementor-widget-text-editor:not(.elementor-drop-cap-view-default) .elementor-drop-cap{margin-top:8px}.elementor-widget-text-editor:not(.elementor-drop-cap-view-default) .elementor-drop-cap-letter{width:1em;height:1em}.elementor-widget-text-editor .elementor-drop-cap{float:left;text-align:center;line-height:1;font-size:50px}.elementor-widget-text-editor .elementor-drop-cap-letter{display:inline-block}<\/style>\t\t\t\t<h4><strong>1. \u00c2mbito e Objeto<\/strong><\/h4><p>As presentes condi\u00e7\u00f5es gerais de ades\u00e3o visam regular os termos e condi\u00e7\u00f5es que regem a utiliza\u00e7\u00e3o e presta\u00e7\u00e3o de servi\u00e7os da plataforma eletr\u00f3nica de contrata\u00e7\u00e3o p\u00fablica \u2013 <strong>ComprasPT<\/strong> (<a href=\"https:\/\/compraspt.com\/\" target=\"_blank\" rel=\"noopener\">https:\/\/compraspt.com\/<\/a>). A <strong>ComprasPT<\/strong> \u00e9 gerida pela MIROMA \u2013 Servi\u00e7os e Gest\u00e3o de Participa\u00e7\u00f5es, Lda. que det\u00e9m todos os direitos de propriedade intelectual desta plataforma.<\/p><p>Os presentes termos e condi\u00e7\u00f5es de ades\u00e3o devem ser lidos por todos os utilizadores antes de acederem \u00e0 plataforma. Ao aderir aos servi\u00e7os da <strong>ComprasPT<\/strong>, o cliente declara ter tomado conhecimento, compreendido e aceite todas as condi\u00e7\u00f5es gerais expressas no presente documento.<\/p><h4><strong>2. Condi\u00e7\u00f5es de Acesso<\/strong><\/h4><p>A <strong>ComprasPT<\/strong> disponibiliza um conjunto de servi\u00e7os base que incluem o acesso a todas as funcionalidades essenciais \u00e0 opera\u00e7\u00e3o com a plataforma e ao desenvolvimento total de procedimentos pr\u00e9-contratuais p\u00fablicos, sem acarretar custos para o Operador Econ\u00f3mico.<\/p><p>O cliente dever\u00e1 nomear um utilizador respons\u00e1vel pelo tratamento de todos os assuntos relativos \u00e0 utiliza\u00e7\u00e3o da plataforma e gest\u00e3o dos certificados digitais, a n\u00edvel administrativo, t\u00e9cnico e financeiro.<\/p><p>O acesso \u00e0 plataforma \u00e9 concedido depois do cliente proceder ao registo e uma vez confirmados e validados todos os seus dados. O acesso \u00e0 <strong>ComprasPT<\/strong> efetua-se mediante login com o certificado digital do utilizador.<\/p><h3>3. Servi\u00e7os Base<\/h3><p>Os servi\u00e7os base que a <strong>ComprasPT<\/strong> disponibiliza compreendem o acesso a todas as funcionalidades essenciais que permitam o desenvolvimento total e completo dos procedimentos pr\u00e9-contratuais p\u00fablicos, designadamente:<\/p><p>a) O acesso aos procedimentos e \u00e0s pe\u00e7as do procedimento que tenham sido publicadas;<\/p><p>b) O envio de mensagens atrav\u00e9s da plataforma eletr\u00f3nica;<\/p><p>c) O envio de mensagens de correio eletr\u00f3nico para todos os intervenientes na fase do procedimento de forma\u00e7\u00e3o de contratos p\u00fablicos em curso, sempre que, nos termos do CCP, tal comunica\u00e7\u00e3o seja obrigat\u00f3ria;<\/p><p>d) Os pedidos de esclarecimentos e listas de erros e omiss\u00f5es;<\/p><p>e) A submiss\u00e3o de candidaturas, de propostas e de solu\u00e7\u00f5es;<\/p><p>f) As pron\u00fancias em audi\u00eancia pr\u00e9via;<\/p><p>g) As reclama\u00e7\u00f5es e as impugna\u00e7\u00f5es;<\/p><p>h) A decis\u00e3o de adjudica\u00e7\u00e3o;<\/p><p>i) A entrega de documentos de habilita\u00e7\u00e3o;<\/p><p>j) A visualiza\u00e7\u00e3o de todas as mensagens e avisos criados pelas Entidades Adjudicantes a que, nos termos da lei, deva ter acesso. O acesso aos servi\u00e7os base da <strong>ComprasPT<\/strong> \u00e9 concedido aos Operadores Econ\u00f3micos registados nesta plataforma.<\/p><p>O acesso aos servi\u00e7os base da <strong>ComprasPT<\/strong> \u00e9 concedido aos Operadores Econ\u00f3micos, registados nesta plataforma, e contempla gratuitamente 3 utilizadores (acessos), em conformidade com a legisla\u00e7\u00e3o em vigor.<\/p><h3>4. Servi\u00e7os de Apoio e Suporte T\u00e9cnico<\/h3><p>A <strong>ComprasPT<\/strong> presta servi\u00e7os de atendimento e suporte t\u00e9cnico continuamente, no hor\u00e1rio de expediente das 9h \u00e0s 19h, nos dias \u00fateis. O atendimento aos utilizadores \u00e9 assegurado por diferentes canais de comunica\u00e7\u00e3o: telefone, email e\u00a0<em>chat online<\/em>.<\/p><h3>5. Seguran\u00e7a<\/h3><p>A plataforma <strong>ComprasPT<\/strong> segue m\u00e9tricas e standards de seguran\u00e7a, integridade e disponibilidade de informa\u00e7\u00e3o ao mais alto n\u00edvel. Estando devidamente enquadrada com as\u00a0<em>best practices<\/em>\u00a0e normas de seguran\u00e7a internacionais ISO\/IEC 27002\/27001, CobiT, NIST, Sarbanes-Oxley, ITIL e Basileia II, assegura um real valor acrescentado a toda a comunidade de utilizadores.<\/p><h3>6. Utiliza\u00e7\u00e3o da Plataforma ComprasPT<\/h3><p>A <strong>ComprasPT<\/strong> responde \u00e0s necessidades impostas pelo Decreto-Lei n.\u00ba 18\/2008 de 29 de janeiro, que aprova o C\u00f3digo dos Contratos P\u00fablicos, alterado e republicado pelo Decreto-Lei n.\u00ba 111-B\/2017, de 31 de agosto e retificado pela Retifica\u00e7\u00e3o n.\u00ba 36-A\/2017, de 30 de outubro e pela Retifica\u00e7\u00e3o n.\u00ba 42\/2017, de 30 de novembro e pela lei que regula a disponibiliza\u00e7\u00e3o e a utiliza\u00e7\u00e3o das plataformas eletr\u00f3nicas de contrata\u00e7\u00e3o p\u00fablica\u00a0 (Lei n.\u00ba 96\/2015 de 17 de agosto).<\/p><p>A utiliza\u00e7\u00e3o da plataforma \u00e9 conseguida atrav\u00e9s de um navegador de internet, assente numa comunica\u00e7\u00e3o segura sobre protocolo HTTPS (HyperText Transfer Protocol Secure). A confidencialidade da informa\u00e7\u00e3o \u00e9 garantida pela encripta\u00e7\u00e3o de toda a informa\u00e7\u00e3o transacionada.<\/p><p>A utiliza\u00e7\u00e3o da <strong>ComprasPT<\/strong> (<a href=\"https:\/\/compraspt.com\/\" target=\"_blank\" rel=\"noopener\">https:\/\/compraspt.com\/<\/a>) implica o upload, armazenamento, download e envio de informa\u00e7\u00e3o cujo conte\u00fado \u00e9 da inteira responsabilidade dos utilizadores.<\/p><h3>7. Direitos e Obriga\u00e7\u00f5es<\/h3><p>7.1. Da <strong>ComprasPT<\/strong> para com o Cliente:<\/p><ul><li>7.1.1. Garantir que o cliente tem acesso a toda a informa\u00e7\u00e3o sobre as condi\u00e7\u00f5es tecnol\u00f3gicas e requisitos t\u00e9cnicos necess\u00e1rios \u00e0 opera\u00e7\u00e3o com a plataforma;<\/li><li>7.1.2. Garantir um processo de autentica\u00e7\u00e3o seguro, assim como a confidencialidade da informa\u00e7\u00e3o, atrav\u00e9s de um processo de submiss\u00e3o de documentos encriptados e assinados, com recurso a Certificados Digitais Qualificados e valida\u00e7\u00e3o cronol\u00f3gica;<\/li><li>7.1.3. Garantir a integridade da informa\u00e7\u00e3o, atrav\u00e9s de processos que evitem a destrui\u00e7\u00e3o, perda, desvio, viola\u00e7\u00e3o de acesso e modifica\u00e7\u00e3o, exposi\u00e7\u00e3o ileg\u00edtima ou n\u00e3o autorizada;<\/li><li>7.1.4. Garantir a opera\u00e7\u00e3o e monitoriza\u00e7\u00e3o da infraestrutura aplicacional;<\/li><li>7.1.5. Assegurar a supervis\u00e3o dos procedimentos de seguran\u00e7a e salvaguarda da informa\u00e7\u00e3o.<\/li><\/ul><p>7.2. Do Cliente para com a <strong>ComprasPT<\/strong>:<\/p><ul><li>7.2.1. Garantir que todos os utilizadores cumprem as condi\u00e7\u00f5es gerais de ades\u00e3o \u00e0 <strong>ComprasPT<\/strong> descritas no presente documento;<\/li><li>7.2.2. N\u00e3o publicar, enviar ou permitir o envio de qualquer informa\u00e7\u00e3o difamat\u00f3ria, il\u00edcita ou abusiva atrav\u00e9s da plataforma;<\/li><li>7.2.3. Garantir a confidencialidade dos dados de acesso e prevenir eventuais utiliza\u00e7\u00f5es abusivas, assumindo a total responsabilidade pela sua utiliza\u00e7\u00e3o por terceiros no acesso aos servi\u00e7os disponibilizados pela <strong>ComprasPT<\/strong>;<\/li><li>7.2.4. N\u00e3o colocar em causa a seguran\u00e7a da rede, nomeadamente atrav\u00e9s do envio ou transmiss\u00e3o de v\u00edrus,\u00a0<em>worms<\/em>\u00a0ou outros\u00a0<em>bugs<\/em>\u00a0via plataforma ou de outras t\u00e9cnicas que possam colocar em causa o seu bom desempenho;<\/li><li>7.2.5. Comunicar, no prazo m\u00e1ximo de 24 horas, anomalias de que tenham tido conhecimento, tais como a perda, transmiss\u00e3o ou qualquer viola\u00e7\u00e3o dos seus dados de acesso.<\/li><\/ul><h3>8. Privacidade<\/h3><p>Os dados pessoais fornecidos pelo Cliente\/Utilizador destinam-se \u00e0 gest\u00e3o de Clientes e Servi\u00e7os da <strong>ComprasPT<\/strong>\/<strong>MIROMA<\/strong>, bem como a a\u00e7\u00f5es de marketing de novos servi\u00e7os <strong>ComprasPT<\/strong>\/<strong>MIROMA<\/strong>.<\/p><p>Nos termos do Regulamento (EU) 2016\/679 do Parlamento Europeu e do Conselho \u2013 Regulamento Geral sobre a Prote\u00e7\u00e3o de Dados (RGPD) \u2013 e restante legisla\u00e7\u00e3o nacional aplic\u00e1vel em mat\u00e9ria de privacidade e prote\u00e7\u00e3o de dados, em especial, a Lei n\u00ba 58\/2019, de 8 de agosto, que assegura a execu\u00e7\u00e3o, na ordem jur\u00eddica nacional, daquele Regulamento, \u00e9 garantido aos Clientes\/Utilizadores o acesso aos seus dados, podendo solicitar por escrito junto da MIROMA a sua consulta, retifica\u00e7\u00e3o ou atualiza\u00e7\u00e3o, bem como, a qualquer momento, solicitar que os seus dados n\u00e3o sejam utilizados para fins de marketing.<\/p><p>Consulte o pre\u00e7\u00e1rio referente aos nossos servi\u00e7os<span style=\"text-decoration: underline;\">\u00a0<\/span><a href=\"https:\/\/compraspt.com\/home\/precario-servicos\/\" target=\"_blank\" rel=\"noopener\"><span style=\"text-decoration: underline;\">aqui<\/span><\/a>.<\/p>\t\t\t\t\t\t<\/div>\n\t\t\t\t<\/div>\n\t\t\t\t\t<\/div>\n\t\t<\/div>\n\t\t\t\t\t<\/div>\n\t\t<\/section>\n\t\t\t\t<\/div>\n\t\t","protected":false},"excerpt":{"rendered":"<p>CONDI\u00c7\u00d5ES GERAIS DE ADES\u00c3O 1. \u00c2mbito e Objeto As presentes condi\u00e7\u00f5es gerais de ades\u00e3o visam regular os termos e condi\u00e7\u00f5es que regem a utiliza\u00e7\u00e3o e presta\u00e7\u00e3o de servi\u00e7os da plataforma eletr\u00f3nica de contrata\u00e7\u00e3o p\u00fablica \u2013 ComprasPT (https:\/\/compraspt.com\/). A ComprasPT \u00e9 gerida pela MIROMA \u2013 Servi\u00e7os e Gest\u00e3o de Participa\u00e7\u00f5es, Lda. que det\u00e9m todos os direitos [&hellip;]<\/p>\n","protected":false},"author":3,"featured_media":0,"parent":0,"menu_order":0,"comment_status":"closed","ping_status":"closed","template":"elementor_header_footer","meta":{"inline_featured_image":false,"footnotes":""},"_links":{"self":[{"href":"https:\/\/compraspt.com\/home\/wp-json\/wp\/v2\/pages\/1398"}],"collection":[{"href":"https:\/\/compraspt.com\/home\/wp-json\/wp\/v2\/pages"}],"about":[{"href":"https:\/\/compraspt.com\/home\/wp-json\/wp\/v2\/types\/page"}],"author":[{"embeddable":true,"href":"https:\/\/compraspt.com\/home\/wp-json\/wp\/v2\/users\/3"}],"replies":[{"embeddable":true,"href":"https:\/\/compraspt.com\/home\/wp-json\/wp\/v2\/comments?post=1398"}],"version-history":[{"count":13,"href":"https:\/\/compraspt.com\/home\/wp-json\/wp\/v2\/pages\/1398\/revisions"}],"predecessor-version":[{"id":3554,"href":"https:\/\/compraspt.com\/home\/wp-json\/wp\/v2\/pages\/1398\/revisions\/3554"}],"wp:attachment":[{"href":"https:\/\/compraspt.com\/home\/wp-json\/wp\/v2\/media?parent=1398"}],"curies":[{"name":"wp","href":"https:\/\/api.w.org\/{rel}","templated":true}]}}