{"id":2708,"date":"2024-01-24T11:51:50","date_gmt":"2024-01-24T10:51:50","guid":{"rendered":"https:\/\/compraspt.com\/home\/?page_id=2708"},"modified":"2025-10-27T16:03:23","modified_gmt":"2025-10-27T16:03:23","slug":"termos-e-condicoes-mais-concursos-publicos-loja","status":"publish","type":"page","link":"https:\/\/compraspt.com\/home\/termos-e-condicoes-mais-concursos-publicos-loja\/","title":{"rendered":"Termos e Condi\u00e7\u00f5es | +Concursos P\u00fablicos &#8211; loja"},"content":{"rendered":"\t\t<div data-elementor-type=\"wp-page\" data-elementor-id=\"2708\" class=\"elementor elementor-2708\">\n\t\t\t\t\t\t<section class=\"elementor-section elementor-top-section elementor-element elementor-element-36a0952e elementor-section-boxed elementor-section-height-default elementor-section-height-default wpr-particle-no wpr-jarallax-no wpr-parallax-no wpr-sticky-section-no\" data-id=\"36a0952e\" data-element_type=\"section\">\n\t\t\t\t\t\t<div class=\"elementor-container elementor-column-gap-default\">\n\t\t\t\t\t<div class=\"elementor-column elementor-col-100 elementor-top-column elementor-element elementor-element-a0cb009\" data-id=\"a0cb009\" data-element_type=\"column\">\n\t\t\t<div class=\"elementor-widget-wrap elementor-element-populated\">\n\t\t\t\t\t\t<div class=\"elementor-element elementor-element-5694fa83 elementor-widget elementor-widget-heading\" data-id=\"5694fa83\" data-element_type=\"widget\" data-widget_type=\"heading.default\">\n\t\t\t\t<div class=\"elementor-widget-container\">\n\t\t\t<style>\/*! elementor - v3.19.0 - 07-02-2024 *\/\n.elementor-heading-title{padding:0;margin:0;line-height:1}.elementor-widget-heading .elementor-heading-title[class*=elementor-size-]>a{color:inherit;font-size:inherit;line-height:inherit}.elementor-widget-heading .elementor-heading-title.elementor-size-small{font-size:15px}.elementor-widget-heading .elementor-heading-title.elementor-size-medium{font-size:19px}.elementor-widget-heading .elementor-heading-title.elementor-size-large{font-size:29px}.elementor-widget-heading .elementor-heading-title.elementor-size-xl{font-size:39px}.elementor-widget-heading .elementor-heading-title.elementor-size-xxl{font-size:59px}<\/style><h2 class=\"elementor-heading-title elementor-size-default\">Termos e Condi\u00e7\u00f5es | +Concursos P\u00fablicos<\/h2>\t\t<\/div>\n\t\t\t\t<\/div>\n\t\t\t\t\t<\/div>\n\t\t<\/div>\n\t\t\t\t\t<\/div>\n\t\t<\/section>\n\t\t\t\t<section class=\"elementor-section elementor-top-section elementor-element elementor-element-18fc658a elementor-section-boxed elementor-section-height-default elementor-section-height-default wpr-particle-no wpr-jarallax-no wpr-parallax-no wpr-sticky-section-no\" data-id=\"18fc658a\" data-element_type=\"section\">\n\t\t\t\t\t\t<div class=\"elementor-container elementor-column-gap-default\">\n\t\t\t\t\t<div class=\"elementor-column elementor-col-100 elementor-top-column elementor-element elementor-element-63207adc\" data-id=\"63207adc\" data-element_type=\"column\">\n\t\t\t<div class=\"elementor-widget-wrap elementor-element-populated\">\n\t\t\t\t\t\t<div class=\"elementor-element elementor-element-527e635f elementor-widget elementor-widget-text-editor\" data-id=\"527e635f\" data-element_type=\"widget\" data-widget_type=\"text-editor.default\">\n\t\t\t\t<div class=\"elementor-widget-container\">\n\t\t\t<style>\/*! elementor - v3.19.0 - 07-02-2024 *\/\n.elementor-widget-text-editor.elementor-drop-cap-view-stacked .elementor-drop-cap{background-color:#69727d;color:#fff}.elementor-widget-text-editor.elementor-drop-cap-view-framed .elementor-drop-cap{color:#69727d;border:3px solid;background-color:transparent}.elementor-widget-text-editor:not(.elementor-drop-cap-view-default) .elementor-drop-cap{margin-top:8px}.elementor-widget-text-editor:not(.elementor-drop-cap-view-default) .elementor-drop-cap-letter{width:1em;height:1em}.elementor-widget-text-editor .elementor-drop-cap{float:left;text-align:center;line-height:1;font-size:50px}.elementor-widget-text-editor .elementor-drop-cap-letter{display:inline-block}<\/style>\t\t\t\t<p>1. A disponibiliza\u00e7\u00e3o do servi\u00e7o \u201c<strong>+Concursos P\u00fablicos<\/strong>\u201d \u00e9 da responsabilidade da MIROMA, pessoa coletiva n.\u00ba 503150371, registada na Conservat\u00f3ria do Registo Comercial do Porto \u2013 2.\u00aa Sec\u00e7\u00e3o, com sede na Travessa de Alferes Malheiro n.\u00ba 99, 4.\u00ba traseiras, Porto.<\/p><p>\u00a0<\/p><p>2. O presente documento estabelece as condi\u00e7\u00f5es de ades\u00e3o ao servi\u00e7o <strong>+Concursos P\u00fablicos<\/strong> dispon\u00edvel na loja <em>on-line<\/em>, a que alude o Decreto-Lei n.\u00ba 24\/2014 de 14 de fevereiro na sua reda\u00e7\u00e3o atual.<\/p><p>\u00a0<\/p><p>3. A ades\u00e3o ao servi\u00e7o <strong>+Concursos P\u00fablicos<\/strong> permite receber diariamente, via e-mail, um resumo de todos concursos p\u00fablicos (nacionais e internacionais), publicados em todas as plataformas de contrata\u00e7\u00e3o p\u00fablica de acordo com a \u00e1rea de neg\u00f3cio definida.<\/p><p>\u00a0<\/p><p>4. O servi\u00e7o <strong>+Concursos P\u00fablicos<\/strong> tem a validade de 1 ano (12 meses).<\/p><p>\u00a0<\/p><p>5. Para Entidades Estrangeiras, ao valor do servi\u00e7o acrescem taxas internacionais e de expedi\u00e7\u00e3o.<\/p><p>\u00a0<\/p><p>6. A ativa\u00e7\u00e3o do servi\u00e7o <strong>+Concursos P\u00fablicos<\/strong> \u00e9 efetuada de forma imediata com a valida\u00e7\u00e3o do pagamento. <span class=\"ui-provider a b c d e f g h i j k l m n o p q r s t u v w x y z ab ac ae af ag ah ai aj ak\" dir=\"ltr\">Conclu\u00edda a compra, e de forma a configurar o servi\u00e7o na plataforma, dever\u00e1 entrar em contacto atrav\u00e9s do e-mail <u><a class=\"fui-Link ___1rxvrpe f2hkw1w f3rmtva f1ewtqcl fyind8e f1k6fduh f1w7gpdv fk6fouc fjoy568 figsok6 f1hu3pq6 f11qmguv f19f4twv f1tyq0we f1g0x7ka fhxju0i f1qch9an f1cnd47f fqv5qza f1vmzxwi f1o700av f13mvf36 f1cmlufx f9n3di6 f1ids18y f1tx3yz7 f1deo86v f1eh06m1 f1iescvh fhgqx19 f1olyrje f1p93eir f1nev41a f1h8hb77 f1lqvz6u f10aw75t fsle3fq f17ae5zn\" title=\"mailto:comercial@miroma.pt\" href=\"mailto:comercial@miroma.pt\" target=\"_blank\" rel=\"noreferrer noopener\" aria-label=\"Liga\u00e7\u00e3o comercial@miroma.pt\">comercial@miroma.pt<\/a><\/u> ou atrav\u00e9s da linha de atendimento &#8211; 222 061 585 (chamada para a rede fixa nacional) &#8211; dispon\u00edvel das 09h \u00e0s 12h30 e das 14h \u00e0s 18h nos dias \u00fateis.<\/span><\/p><p>\u00a0<\/p><p>7. Ao efetuar a compra atrav\u00e9s da loja on-line, o cliente declara expressamente que autoriza a ativa\u00e7\u00e3o imediata do(s) servi\u00e7o(s) ap\u00f3s a confirma\u00e7\u00e3o do pagamento, perdendo o direito de livre resolu\u00e7\u00e3o.<\/p><p>\u00a0<\/p><p>8. O cliente \u00e9 respons\u00e1vel pela defini\u00e7\u00e3o do endere\u00e7o de e-mail para rece\u00e7\u00e3o dos alertas. Qualquer altera\u00e7\u00e3o do endere\u00e7o de e-mail \u00e9 da inteira responsabilidade do cliente.<\/p><p>\u00a0<\/p><p>9. Por cada licen\u00e7a adquirida \u00e9 permitido associar um \u00fanico endere\u00e7o de e-mail.<\/p><p>\u00a0<\/p><p>10. A parametriza\u00e7\u00e3o deste servi\u00e7o \u00e9 efetuada no perfil do operador econ\u00f3mico, na plataforma <strong>ComprasPT<\/strong>, atrav\u00e9s da associa\u00e7\u00e3o dos c\u00f3digos CPV correspondentes \u00e0s \u00e1reas de neg\u00f3cio de interesse. A sele\u00e7\u00e3o e a altera\u00e7\u00e3o dos c\u00f3digos CPV \u00e9 da inteira responsabilidade do cliente.<\/p><p>\u00a0<\/p><p>11. Este servi\u00e7o renova automaticamente. A inten\u00e7\u00e3o de n\u00e3o renova\u00e7\u00e3o deve ser comunicada previamente, por escrito, \u00e0 <strong>ComprasPT <\/strong>com a anteced\u00eancia m\u00ednima de 30 dias.<\/p><p>\u00a0<\/p><p>12. Sempre que a ades\u00e3o ao servi\u00e7o usufrua de uma campanha promocional, as condi\u00e7\u00f5es da mesma ser\u00e3o aplicadas durante a vig\u00eancia da campanha e respetivo contrato, sendo a renova\u00e7\u00e3o realizada de acordo com os pre\u00e7os em vigor na altura da renova\u00e7\u00e3o.<\/p><p>\u00a0<\/p><p>13. Em caso de renova\u00e7\u00e3o, a <b>Miroma <\/b>reserva-se ao direito de atualizar o pre\u00e7o e as condi\u00e7\u00f5es do servi\u00e7o em conformidade com as pol\u00edticas comerciais em vigor.<\/p><p>\u00a0<\/p><p>14. Para a resolu\u00e7\u00e3o de lit\u00edgios de consumo contacte o Centro de Informa\u00e7\u00e3o de Consumo e Arbitragem do Porto (https:\/\/cicap.pt\/).<\/p><p>\u00a0<\/p><p>15. Os dados pessoais recolhidos destinam-se a ser usados na gest\u00e3o contratual estabelecida com o cliente atrav\u00e9s da loja<em>\u00a0on-line<\/em>\u00a0e s\u00e3o tratados de acordo com as pol\u00edticas de prote\u00e7\u00e3o de dados em vigor.<\/p><p>\u00a0<\/p><p>16. Em caso de d\u00favidas, contacte-nos atrav\u00e9s do endere\u00e7o de e-mail <u><a class=\"fui-Link ___1rxvrpe f2hkw1w f3rmtva f1ewtqcl fyind8e f1k6fduh f1w7gpdv fk6fouc fjoy568 figsok6 f1hu3pq6 f11qmguv f19f4twv f1tyq0we f1g0x7ka fhxju0i f1qch9an f1cnd47f fqv5qza f1vmzxwi f1o700av f13mvf36 f1cmlufx f9n3di6 f1ids18y f1tx3yz7 f1deo86v f1eh06m1 f1iescvh fhgqx19 f1olyrje f1p93eir f1nev41a f1h8hb77 f1lqvz6u f10aw75t fsle3fq f17ae5zn\" title=\"mailto:comercial@miroma.pt\" href=\"mailto:comercial@miroma.pt\" target=\"_blank\" rel=\"noreferrer noopener\" aria-label=\"Liga\u00e7\u00e3o comercial@miroma.pt\">comercial@miroma.pt<\/a><\/u>\u00a0ou atrav\u00e9s da linha de atendimento \u2013\u00a0<strong>222 061 585<\/strong>\u00a0(chamada para a rede fixa nacional) \u2013 dispon\u00edvel das 09h \u00e0s 12h30 e das 14h \u00e0s 18h nos dias \u00fateis.<\/p><p>\u00a0<\/p><h6>\u00daltima Revis\u00e3o: 27 de novembro de 2025<\/h6>\t\t\t\t\t\t<\/div>\n\t\t\t\t<\/div>\n\t\t\t\t\t<\/div>\n\t\t<\/div>\n\t\t\t\t\t<\/div>\n\t\t<\/section>\n\t\t\t\t<\/div>\n\t\t","protected":false},"excerpt":{"rendered":"<p>Termos e Condi\u00e7\u00f5es | +Concursos P\u00fablicos 1. A disponibiliza\u00e7\u00e3o do servi\u00e7o \u201c+Concursos P\u00fablicos\u201d \u00e9 da responsabilidade da MIROMA, pessoa coletiva n.\u00ba 503150371, registada na Conservat\u00f3ria do Registo Comercial do Porto \u2013 2.\u00aa Sec\u00e7\u00e3o, com sede na Travessa de Alferes Malheiro n.\u00ba 99, 4.\u00ba traseiras, Porto. \u00a0 2. O presente documento estabelece as condi\u00e7\u00f5es de ades\u00e3o [&hellip;]<\/p>\n","protected":false},"author":3,"featured_media":0,"parent":0,"menu_order":0,"comment_status":"closed","ping_status":"closed","template":"elementor_header_footer","meta":{"inline_featured_image":false,"footnotes":""},"_links":{"self":[{"href":"https:\/\/compraspt.com\/home\/wp-json\/wp\/v2\/pages\/2708"}],"collection":[{"href":"https:\/\/compraspt.com\/home\/wp-json\/wp\/v2\/pages"}],"about":[{"href":"https:\/\/compraspt.com\/home\/wp-json\/wp\/v2\/types\/page"}],"author":[{"embeddable":true,"href":"https:\/\/compraspt.com\/home\/wp-json\/wp\/v2\/users\/3"}],"replies":[{"embeddable":true,"href":"https:\/\/compraspt.com\/home\/wp-json\/wp\/v2\/comments?post=2708"}],"version-history":[{"count":38,"href":"https:\/\/compraspt.com\/home\/wp-json\/wp\/v2\/pages\/2708\/revisions"}],"predecessor-version":[{"id":5297,"href":"https:\/\/compraspt.com\/home\/wp-json\/wp\/v2\/pages\/2708\/revisions\/5297"}],"wp:attachment":[{"href":"https:\/\/compraspt.com\/home\/wp-json\/wp\/v2\/media?parent=2708"}],"curies":[{"name":"wp","href":"https:\/\/api.w.org\/{rel}","templated":true}]}}