{"id":4589,"date":"2024-08-08T16:15:26","date_gmt":"2024-08-08T16:15:26","guid":{"rendered":"https:\/\/compraspt.com\/home\/?page_id=4589"},"modified":"2025-10-27T15:59:33","modified_gmt":"2025-10-27T15:59:33","slug":"termos-e-condicoes-selos-temporais-loja","status":"publish","type":"page","link":"https:\/\/compraspt.com\/home\/termos-e-condicoes-selos-temporais-loja\/","title":{"rendered":"Termos e Condi\u00e7\u00f5es | Selos Temporais &#8211; loja"},"content":{"rendered":"\t\t<div data-elementor-type=\"wp-page\" data-elementor-id=\"4589\" class=\"elementor elementor-4589\">\n\t\t\t\t\t\t<section class=\"elementor-section elementor-top-section elementor-element elementor-element-36a0952e elementor-section-boxed elementor-section-height-default elementor-section-height-default wpr-particle-no wpr-jarallax-no wpr-parallax-no wpr-sticky-section-no\" data-id=\"36a0952e\" data-element_type=\"section\">\n\t\t\t\t\t\t<div class=\"elementor-container elementor-column-gap-default\">\n\t\t\t\t\t<div class=\"elementor-column elementor-col-100 elementor-top-column elementor-element elementor-element-a0cb009\" data-id=\"a0cb009\" data-element_type=\"column\">\n\t\t\t<div class=\"elementor-widget-wrap elementor-element-populated\">\n\t\t\t\t\t\t<div class=\"elementor-element elementor-element-5694fa83 elementor-widget elementor-widget-heading\" data-id=\"5694fa83\" data-element_type=\"widget\" data-widget_type=\"heading.default\">\n\t\t\t\t<div class=\"elementor-widget-container\">\n\t\t\t<style>\/*! elementor - v3.19.0 - 07-02-2024 *\/\n.elementor-heading-title{padding:0;margin:0;line-height:1}.elementor-widget-heading .elementor-heading-title[class*=elementor-size-]>a{color:inherit;font-size:inherit;line-height:inherit}.elementor-widget-heading .elementor-heading-title.elementor-size-small{font-size:15px}.elementor-widget-heading .elementor-heading-title.elementor-size-medium{font-size:19px}.elementor-widget-heading .elementor-heading-title.elementor-size-large{font-size:29px}.elementor-widget-heading .elementor-heading-title.elementor-size-xl{font-size:39px}.elementor-widget-heading .elementor-heading-title.elementor-size-xxl{font-size:59px}<\/style><h2 class=\"elementor-heading-title elementor-size-default\">Termos e Condi\u00e7\u00f5es | Selos Temporais<\/h2>\t\t<\/div>\n\t\t\t\t<\/div>\n\t\t\t\t\t<\/div>\n\t\t<\/div>\n\t\t\t\t\t<\/div>\n\t\t<\/section>\n\t\t\t\t<section class=\"elementor-section elementor-top-section elementor-element elementor-element-18fc658a elementor-section-boxed elementor-section-height-default elementor-section-height-default wpr-particle-no wpr-jarallax-no wpr-parallax-no wpr-sticky-section-no\" data-id=\"18fc658a\" data-element_type=\"section\">\n\t\t\t\t\t\t<div class=\"elementor-container elementor-column-gap-default\">\n\t\t\t\t\t<div class=\"elementor-column elementor-col-100 elementor-top-column elementor-element elementor-element-63207adc\" data-id=\"63207adc\" data-element_type=\"column\">\n\t\t\t<div class=\"elementor-widget-wrap elementor-element-populated\">\n\t\t\t\t\t\t<div class=\"elementor-element elementor-element-527e635f elementor-widget elementor-widget-text-editor\" data-id=\"527e635f\" data-element_type=\"widget\" data-widget_type=\"text-editor.default\">\n\t\t\t\t<div class=\"elementor-widget-container\">\n\t\t\t<style>\/*! elementor - v3.19.0 - 07-02-2024 *\/\n.elementor-widget-text-editor.elementor-drop-cap-view-stacked .elementor-drop-cap{background-color:#69727d;color:#fff}.elementor-widget-text-editor.elementor-drop-cap-view-framed .elementor-drop-cap{color:#69727d;border:3px solid;background-color:transparent}.elementor-widget-text-editor:not(.elementor-drop-cap-view-default) .elementor-drop-cap{margin-top:8px}.elementor-widget-text-editor:not(.elementor-drop-cap-view-default) .elementor-drop-cap-letter{width:1em;height:1em}.elementor-widget-text-editor .elementor-drop-cap{float:left;text-align:center;line-height:1;font-size:50px}.elementor-widget-text-editor .elementor-drop-cap-letter{display:inline-block}<\/style>\t\t\t\t<section data-id=\"1d294eae\" data-element_type=\"section\"><div><div data-id=\"4330ee6a\" data-element_type=\"column\"><div><div data-id=\"5a0156a4\" data-element_type=\"widget\" data-widget_type=\"text-editor.default\"><div><p>1. A disponibiliza\u00e7\u00e3o de<strong> Selos Temporais Interoper\u00e1veis<\/strong> <span dir=\"ltr\">\u00e9 da responsabilidade da MIROMA, pessoa coletiva n.\u00ba503150371, registada na Conservat\u00f3ria do Registo Comercial do Porto \u20132.\u00aa Sec\u00e7\u00e3o, com sede na Travessa de Alferes Malheiro n.\u00ba 99, 4.\u00batraseiras, Porto.<\/span><\/p><p><br \/>2. O presente documento estabelece as condi\u00e7\u00f5es de aquisi\u00e7\u00e3o de <strong>Selos Temporais Interoper\u00e1veis<\/strong> dispon\u00edveis na loja <strong>on-line<\/strong>, a que alude o Decreto-Lei n.\u00ba 24\/2014 de 14 de fevereiro na sua reda\u00e7\u00e3o atual.<\/p><p>\u00a0<\/p><p>3. Os <strong>Selos Temporais Interoper\u00e1veis<\/strong> s\u00e3o v\u00e1lidos em todas as plataformas eletr\u00f3nicas de Contrata\u00e7\u00e3o P\u00fablica.<\/p><p>\u00a0<\/p><p>4. Os <strong>Selos Temporais <\/strong>s\u00e3o um requisito legal em Contrata\u00e7\u00e3o P\u00fablica e t\u00eam por finalidade garantir a autenticidade e integridade do momento temporal de submiss\u00e3o do documento.<\/p><p>\u00a0<\/p><p><span data-teams=\"true\"><span dir=\"ltr\">5. Para Entidades Estrangeiras, ao valor do servi\u00e7o acrescem taxas internacionais e de expedi\u00e7\u00e3o.<\/span><\/span><\/p><p><br \/>6. A ativa\u00e7\u00e3o dos <strong>Selos Temporais Interoper\u00e1veis <\/strong>\u00e9 efetuada de forma imediata com a valida\u00e7\u00e3o do pagamento. Conclu\u00edda a compra, receber\u00e1 um e-mail com o c\u00f3digo identificador dos selos. O c\u00f3digo recebido dever\u00e1 ser inserido\/parametrizado na(s) plataforma(s) eletr\u00f3nica(s) de Contrata\u00e7\u00e3o P\u00fablica que utilizar. <\/p><p>\u00a0<\/p><\/div><p>7. Ao efetuar a compra atrav\u00e9s da loja on-line, o cliente declara expressamente que autoriza a ativa\u00e7\u00e3o imediata do(s) servi\u00e7o(s) ap\u00f3s a confirma\u00e7\u00e3o do pagamento, perdendo o direito de livre resolu\u00e7\u00e3o.<\/p><div><p>\u00a0<\/p><p>8. Os <strong>Selos Temporais Interoper\u00e1veis<\/strong> s\u00e3o v\u00e1lidos por 2 anos (24 meses).<\/p><p>\u00a0<\/p><p>9. A entidade emissora dos <strong>Selos Temporais Interoper\u00e1veis<\/strong> \u00e9 a Multicert (entidade portuguesa). <\/p><p>\u00a0<\/p><p>10. Para a resolu\u00e7\u00e3o de lit\u00edgios de consumo contacte o Centro de Informa\u00e7\u00e3o de Consumo e Arbitragem do Porto (https:\/\/cicap.pt\/).<\/p><p>\u00a0<\/p><p>11. Os dados pessoais recolhidos destinam-se a ser usados na gest\u00e3o contratual estabelecida com o cliente atrav\u00e9s da loja<em> on-line<\/em> e s\u00e3o tratados de acordo com as pol\u00edticas de prote\u00e7\u00e3o de dados em vigor.<\/p><p>\u00a0<\/p><p>12. Em caso de d\u00favidas, contacte-nos atrav\u00e9s do endere\u00e7o de e-mail <span style=\"text-decoration: underline;\"><a title=\"mailto:comercial@miroma.pt\" href=\"mailto:comercial@miroma.pt\" target=\"_blank\" rel=\"noreferrer noopener\" aria-label=\"Liga\u00e7\u00e3o comercial@miroma.pt\">comercial@miroma.pt<\/a><\/span>\u00a0ou atrav\u00e9s da linha de atendimento \u2013\u00a0<strong>222 061 585<\/strong>\u00a0(chamada para a rede fixa nacional) \u2013 dispon\u00edvel das 09h \u00e0s 12h30 e das 14h \u00e0s 18h nos dias \u00fateis.<\/p><p>\u00a0<\/p><h6>\u00daltima Revis\u00e3o: 9 de setembro de 2024<\/h6><\/div><\/div><\/div><\/div><\/div><\/section>\t\t\t\t\t\t<\/div>\n\t\t\t\t<\/div>\n\t\t\t\t\t<\/div>\n\t\t<\/div>\n\t\t\t\t\t<\/div>\n\t\t<\/section>\n\t\t\t\t<\/div>\n\t\t","protected":false},"excerpt":{"rendered":"<p>Termos e Condi\u00e7\u00f5es | Selos Temporais 1. A disponibiliza\u00e7\u00e3o de Selos Temporais Interoper\u00e1veis \u00e9 da responsabilidade da MIROMA, pessoa coletiva n.\u00ba503150371, registada na Conservat\u00f3ria do Registo Comercial do Porto \u20132.\u00aa Sec\u00e7\u00e3o, com sede na Travessa de Alferes Malheiro n.\u00ba 99, 4.\u00batraseiras, Porto. 2. O presente documento estabelece as condi\u00e7\u00f5es de aquisi\u00e7\u00e3o de Selos Temporais Interoper\u00e1veis [&hellip;]<\/p>\n","protected":false},"author":3,"featured_media":0,"parent":0,"menu_order":0,"comment_status":"closed","ping_status":"closed","template":"elementor_header_footer","meta":{"inline_featured_image":false,"footnotes":""},"_links":{"self":[{"href":"https:\/\/compraspt.com\/home\/wp-json\/wp\/v2\/pages\/4589"}],"collection":[{"href":"https:\/\/compraspt.com\/home\/wp-json\/wp\/v2\/pages"}],"about":[{"href":"https:\/\/compraspt.com\/home\/wp-json\/wp\/v2\/types\/page"}],"author":[{"embeddable":true,"href":"https:\/\/compraspt.com\/home\/wp-json\/wp\/v2\/users\/3"}],"replies":[{"embeddable":true,"href":"https:\/\/compraspt.com\/home\/wp-json\/wp\/v2\/comments?post=4589"}],"version-history":[{"count":19,"href":"https:\/\/compraspt.com\/home\/wp-json\/wp\/v2\/pages\/4589\/revisions"}],"predecessor-version":[{"id":5288,"href":"https:\/\/compraspt.com\/home\/wp-json\/wp\/v2\/pages\/4589\/revisions\/5288"}],"wp:attachment":[{"href":"https:\/\/compraspt.com\/home\/wp-json\/wp\/v2\/media?parent=4589"}],"curies":[{"name":"wp","href":"https:\/\/api.w.org\/{rel}","templated":true}]}}