{"id":542,"date":"2024-01-10T11:03:19","date_gmt":"2024-01-10T10:03:19","guid":{"rendered":"https:\/\/compraspt.com\/home\/?page_id=542"},"modified":"2024-07-26T08:48:04","modified_gmt":"2024-07-26T08:48:04","slug":"novo-registo","status":"publish","type":"page","link":"https:\/\/compraspt.com\/home\/novo-registo\/","title":{"rendered":"Novo registo"},"content":{"rendered":"\t\t<div data-elementor-type=\"wp-page\" data-elementor-id=\"542\" class=\"elementor elementor-542\">\n\t\t\t\t\t\t<section class=\"elementor-section elementor-top-section elementor-element elementor-element-349c82cf elementor-section-boxed elementor-section-height-default elementor-section-height-default wpr-particle-no wpr-jarallax-no wpr-parallax-no wpr-sticky-section-no\" data-id=\"349c82cf\" data-element_type=\"section\">\n\t\t\t\t\t\t<div class=\"elementor-container elementor-column-gap-default\">\n\t\t\t\t\t<div class=\"elementor-column elementor-col-100 elementor-top-column elementor-element elementor-element-37c6a30\" data-id=\"37c6a30\" data-element_type=\"column\">\n\t\t\t<div class=\"elementor-widget-wrap elementor-element-populated\">\n\t\t\t\t\t\t<div class=\"elementor-element elementor-element-283865c0 elementor-widget elementor-widget-heading\" data-id=\"283865c0\" data-element_type=\"widget\" data-widget_type=\"heading.default\">\n\t\t\t\t<div class=\"elementor-widget-container\">\n\t\t\t<style>\/*! elementor - v3.19.0 - 07-02-2024 *\/\n.elementor-heading-title{padding:0;margin:0;line-height:1}.elementor-widget-heading .elementor-heading-title[class*=elementor-size-]>a{color:inherit;font-size:inherit;line-height:inherit}.elementor-widget-heading .elementor-heading-title.elementor-size-small{font-size:15px}.elementor-widget-heading .elementor-heading-title.elementor-size-medium{font-size:19px}.elementor-widget-heading .elementor-heading-title.elementor-size-large{font-size:29px}.elementor-widget-heading .elementor-heading-title.elementor-size-xl{font-size:39px}.elementor-widget-heading .elementor-heading-title.elementor-size-xxl{font-size:59px}<\/style><h2 class=\"elementor-heading-title elementor-size-default\">NOVO REGISTO<\/h2>\t\t<\/div>\n\t\t\t\t<\/div>\n\t\t\t\t<div class=\"elementor-element elementor-element-362000c3 elementor-widget elementor-widget-heading\" data-id=\"362000c3\" data-element_type=\"widget\" data-widget_type=\"heading.default\">\n\t\t\t\t<div class=\"elementor-widget-container\">\n\t\t\t<h5 class=\"elementor-heading-title elementor-size-default\">N\u00e3o perca tempo, registe-se de forma r\u00e1pida e simples!<\/h5>\t\t<\/div>\n\t\t\t\t<\/div>\n\t\t\t\t\t<\/div>\n\t\t<\/div>\n\t\t\t\t\t<\/div>\n\t\t<\/section>\n\t\t\t\t<section class=\"elementor-section elementor-top-section elementor-element elementor-element-6157e0f elementor-section-boxed elementor-section-height-default elementor-section-height-default wpr-particle-no wpr-jarallax-no wpr-parallax-no wpr-sticky-section-no\" data-id=\"6157e0f\" data-element_type=\"section\">\n\t\t\t\t\t\t<div class=\"elementor-container elementor-column-gap-default\">\n\t\t\t\t\t<div class=\"elementor-column elementor-col-100 elementor-top-column elementor-element elementor-element-a4b4f5a\" data-id=\"a4b4f5a\" data-element_type=\"column\">\n\t\t\t<div class=\"elementor-widget-wrap elementor-element-populated\">\n\t\t\t\t\t\t<div class=\"elementor-element elementor-element-ff501c0 elementor-widget elementor-widget-image\" data-id=\"ff501c0\" data-element_type=\"widget\" data-widget_type=\"image.default\">\n\t\t\t\t<div class=\"elementor-widget-container\">\n\t\t\t<style>\/*! elementor - v3.19.0 - 07-02-2024 *\/\n.elementor-widget-image{text-align:center}.elementor-widget-image a{display:inline-block}.elementor-widget-image a img[src$=\".svg\"]{width:48px}.elementor-widget-image img{vertical-align:middle;display:inline-block}<\/style>\t\t\t\t\t\t\t\t\t\t\t<a href=\"https:\/\/compraspt.com\/home\/packs-compraspt\/\" target=\"_blank\">\n\t\t\t\t\t\t\t<img fetchpriority=\"high\" decoding=\"async\" width=\"1150\" height=\"110\" src=\"https:\/\/compraspt.com\/home\/wp-content\/uploads\/banner-packs-ComprasPT.png\" class=\"attachment-full size-full wp-image-4457\" alt=\"banner-packs-ComprasPT\" srcset=\"https:\/\/compraspt.com\/home\/wp-content\/uploads\/banner-packs-ComprasPT.png 1150w, https:\/\/compraspt.com\/home\/wp-content\/uploads\/banner-packs-ComprasPT-800x77.png 800w, https:\/\/compraspt.com\/home\/wp-content\/uploads\/banner-packs-ComprasPT-1024x98.png 1024w, https:\/\/compraspt.com\/home\/wp-content\/uploads\/banner-packs-ComprasPT-150x14.png 150w, https:\/\/compraspt.com\/home\/wp-content\/uploads\/banner-packs-ComprasPT-768x73.png 768w, https:\/\/compraspt.com\/home\/wp-content\/uploads\/banner-packs-ComprasPT-600x57.png 600w\" sizes=\"(max-width: 1150px) 100vw, 1150px\" \/>\t\t\t\t\t\t\t\t<\/a>\n\t\t\t\t\t\t\t\t\t\t\t\t\t<\/div>\n\t\t\t\t<\/div>\n\t\t\t\t\t<\/div>\n\t\t<\/div>\n\t\t\t\t\t<\/div>\n\t\t<\/section>\n\t\t\t\t<section class=\"elementor-section elementor-top-section elementor-element elementor-element-c61e562 elementor-section-boxed elementor-section-height-default elementor-section-height-default wpr-particle-no wpr-jarallax-no wpr-parallax-no wpr-sticky-section-no\" data-id=\"c61e562\" data-element_type=\"section\">\n\t\t\t\t\t\t<div class=\"elementor-container elementor-column-gap-default\">\n\t\t\t\t\t<div class=\"elementor-column elementor-col-100 elementor-top-column elementor-element elementor-element-6f7f6f3\" data-id=\"6f7f6f3\" data-element_type=\"column\">\n\t\t\t<div class=\"elementor-widget-wrap elementor-element-populated\">\n\t\t\t\t\t\t<div class=\"elementor-element elementor-element-92a512b elementor-widget elementor-widget-eael-adv-tabs\" data-id=\"92a512b\" data-element_type=\"widget\" data-widget_type=\"eael-adv-tabs.default\">\n\t\t\t\t<div class=\"elementor-widget-container\">\n\t\t\t        <div id=\"eael-advance-tabs-92a512b\" class=\"eael-advance-tabs eael-tabs-horizontal eael-tab-auto-active \" data-tabid=\"92a512b\">\n            <div class=\"eael-tabs-nav\" role=\"tablist\">\n                <ul class=\"eael-tab-inline-icon\" role=\"tablist\">\n                                            <li id=\"registo-automtico\" class=\" eael-tab-item-trigger\" aria-selected=\"true\" data-tab=\"1\" role=\"tab\" tabindex=\"0\" aria-controls=\"registo-automtico-tab\" aria-expanded=\"false\">\n                            \n                                                                <i class=\"icon icon-magic-wand\"><\/i>                                                            \n                                                            <span class=\"eael-tab-title  title-after-icon\">REGISTO AUTOM\u00c1TICO<\/span>                            \n                                                    <\/li>\n                                            <li id=\"registo-manual\" class=\"inactive eael-tab-item-trigger\" aria-selected=\"false\" data-tab=\"2\" role=\"tab\" tabindex=\"-1\" aria-controls=\"registo-manual-tab\" aria-expanded=\"false\">\n                            \n                                                                <i class=\"icon icon-hand\"><\/i>                                                            \n                                                            <span class=\"eael-tab-title  title-after-icon\">REGISTO MANUAL<\/span>                            \n                                                    <\/li>\n                                    <\/ul>\n            <\/div>\n            \n            <div class=\"eael-tabs-content\">\n\t\t        \n                    <div id=\"registo-automtico-tab\" class=\"clearfix eael-tab-content-item \" data-title-link=\"registo-automtico-tab\">\n\t\t\t\t        \t\t\t\t\t        <h3><strong>Registo Autom\u00e1tico<\/strong><\/h3><p>Servi\u00e7o avan\u00e7ado que lhe garante o <em>Login<\/em> Autom\u00e1tico em todas as entidades atuais, bem como em qualquer nova Entidade Adjudicante ComprasPT.<\/p><p>Aceda a mais informa\u00e7\u00e3o sobre o servi\u00e7o <a href=\"https:\/\/compraspt.com\/home\/registo-automatico\/\" target=\"_blank\" rel=\"noopener\"><span style=\"text-decoration: underline;\"><strong>aqui<\/strong><\/span><\/a> e contacte o nosso <span style=\"text-decoration: underline;\"><a href=\"https:\/\/compraspt.com\/home\/contactos\/\"><strong>apoio comercial<\/strong><\/a><\/span>!<\/p><p>\u00a0<\/p><p>\u00a0<\/p><p>\u00a0<\/p><p>\u00a0<\/p><p>\u00a0<\/p>\t\t\t\t                            <\/div>\n\t\t        \n                    <div id=\"registo-manual-tab\" class=\"clearfix eael-tab-content-item inactive\" data-title-link=\"registo-manual-tab\">\n\t\t\t\t        \t\t\t\t\t        <h3><strong>Registo Manual<\/strong><\/h3><p>Pode optar pelo registo individual nas Entidades ComprasPT .<\/p><ol><li>Selecione a Entidade em que se quer registar, atrav\u00e9s da designa\u00e7\u00e3o da Entidade ou pelo nif na \u201c<strong><a href=\"https:\/\/www2.compraspt.com\/comprasPTOE\/lista_plataformas;jsessionid=\" target=\"_blank\" rel=\"noopener\">Lista de Entidades<\/a><\/strong>\u201d<\/li><li>Entre na p\u00e1gina da Entidade e selecione a op\u00e7\u00e3o \u201cRegisto\u201d<\/li><li>Preencha todos os campos do formul\u00e1rio<\/li><\/ol><p>De forma a garantir o cumprimento de todas as regras de seguran\u00e7a de correntes da Certifica\u00e7\u00e3o ISO 27001, o processo de registo ficar\u00e1 conclu\u00eddo no prazo m\u00e1ximo de 3 dias \u00fateis. A partir desse momento, poder\u00e1 utilizar a plataforma ComprasPT desta entidade e tirar partido da sua vasta gama de funcionalidades.<\/p>\t\t\t\t                            <\/div>\n\t\t                    <\/div>\n        <\/div>\n\t\t<\/div>\n\t\t\t\t<\/div>\n\t\t\t\t\t<\/div>\n\t\t<\/div>\n\t\t\t\t\t<\/div>\n\t\t<\/section>\n\t\t\t\t<\/div>\n\t\t","protected":false},"excerpt":{"rendered":"<p>NOVO REGISTO N\u00e3o perca tempo, registe-se de forma r\u00e1pida e simples! REGISTO AUTOM\u00c1TICO REGISTO MANUAL Registo Autom\u00e1tico Servi\u00e7o avan\u00e7ado que lhe garante o Login Autom\u00e1tico em todas as entidades atuais, bem como em qualquer nova Entidade Adjudicante ComprasPT. Aceda a mais informa\u00e7\u00e3o sobre o servi\u00e7o aqui e contacte o nosso apoio comercial! \u00a0 \u00a0 \u00a0 [&hellip;]<\/p>\n","protected":false},"author":3,"featured_media":0,"parent":0,"menu_order":0,"comment_status":"closed","ping_status":"closed","template":"","meta":{"inline_featured_image":false,"footnotes":""},"_links":{"self":[{"href":"https:\/\/compraspt.com\/home\/wp-json\/wp\/v2\/pages\/542"}],"collection":[{"href":"https:\/\/compraspt.com\/home\/wp-json\/wp\/v2\/pages"}],"about":[{"href":"https:\/\/compraspt.com\/home\/wp-json\/wp\/v2\/types\/page"}],"author":[{"embeddable":true,"href":"https:\/\/compraspt.com\/home\/wp-json\/wp\/v2\/users\/3"}],"replies":[{"embeddable":true,"href":"https:\/\/compraspt.com\/home\/wp-json\/wp\/v2\/comments?post=542"}],"version-history":[{"count":112,"href":"https:\/\/compraspt.com\/home\/wp-json\/wp\/v2\/pages\/542\/revisions"}],"predecessor-version":[{"id":4460,"href":"https:\/\/compraspt.com\/home\/wp-json\/wp\/v2\/pages\/542\/revisions\/4460"}],"wp:attachment":[{"href":"https:\/\/compraspt.com\/home\/wp-json\/wp\/v2\/media?parent=542"}],"curies":[{"name":"wp","href":"https:\/\/api.w.org\/{rel}","templated":true}]}}