{"id":1389,"date":"2024-01-16T16:30:20","date_gmt":"2024-01-16T15:30:20","guid":{"rendered":"https:\/\/compraspt.com\/home\/?post_type=product&#038;p=1389"},"modified":"2024-09-11T11:30:01","modified_gmt":"2024-09-11T11:30:01","slug":"convites-1-ano","status":"publish","type":"product","link":"https:\/\/compraspt.com\/home\/produto\/convites-1-ano\/","title":{"rendered":"+Convites &#8211; 1 ano"},"content":{"rendered":"","protected":false},"excerpt":{"rendered":"<p><em>Para entidades estrangeiras, ao valor supramencionado acrescem taxas internacionais e de expedi\u00e7\u00e3o.\u00a0<\/em><\/p>\n<p>\u2026\u2026\u2026\u2026\u2026\u2026\u2026\u2026<\/p>\n<p>Garanta mais oportunidades por <strong>Convite<\/strong>!<\/p>\n<p>&nbsp;<\/p>\n<p>Ao subscrever este servi\u00e7o garantimos o aumento exponencial da sua atividade em Contrata\u00e7\u00e3o P\u00fablica, bem como o acesso \u00e0s seguintes vantagens:<\/p>\n<p>\u2022 Aumento do n\u00famero de Convites na sua \u00e1rea de neg\u00f3cio<br \/>\n\u2022 Visualiza\u00e7\u00e3o direta da sua Empresa pelas Entidades Adjudicantes<br \/>\n\u2022 Divulga\u00e7\u00e3o autom\u00e1tica dos seus produtos\/servi\u00e7os \u00e0s Entidades P\u00fablicas<br \/>\n\u2022 Caracteriza\u00e7\u00e3o completa da sua organiza\u00e7\u00e3o<br \/>\n\u2022 Aumento dos Convites por Ajuste Direto Simplificado, Ajuste Direto e Consulta Pr\u00e9via<\/p>\n<p>&nbsp;<\/p>\n<p>&nbsp;<\/p>\n<p>&nbsp;<\/p>\n","protected":false},"featured_media":1711,"template":"","meta":{"inline_featured_image":false},"product_cat":[35],"product_tag":[48,50,49,46,51,52],"_links":{"self":[{"href":"https:\/\/compraspt.com\/home\/wp-json\/wp\/v2\/product\/1389"}],"collection":[{"href":"https:\/\/compraspt.com\/home\/wp-json\/wp\/v2\/product"}],"about":[{"href":"https:\/\/compraspt.com\/home\/wp-json\/wp\/v2\/types\/product"}],"wp:featuredmedia":[{"embeddable":true,"href":"https:\/\/compraspt.com\/home\/wp-json\/wp\/v2\/media\/1711"}],"wp:attachment":[{"href":"https:\/\/compraspt.com\/home\/wp-json\/wp\/v2\/media?parent=1389"}],"wp:term":[{"taxonomy":"product_cat","embeddable":true,"href":"https:\/\/compraspt.com\/home\/wp-json\/wp\/v2\/product_cat?post=1389"},{"taxonomy":"product_tag","embeddable":true,"href":"https:\/\/compraspt.com\/home\/wp-json\/wp\/v2\/product_tag?post=1389"}],"curies":[{"name":"wp","href":"https:\/\/api.w.org\/{rel}","templated":true}]}}