{"id":5188,"date":"2025-04-23T09:03:15","date_gmt":"2025-04-23T09:03:15","guid":{"rendered":"https:\/\/compraspt.com\/home\/?post_type=product&#038;p=5188"},"modified":"2025-06-05T11:22:28","modified_gmt":"2025-06-05T11:22:28","slug":"contratacao-publica-dossie-digital","status":"publish","type":"product","link":"https:\/\/compraspt.com\/home\/produto\/contratacao-publica-dossie-digital\/","title":{"rendered":"Contrata\u00e7\u00e3o P\u00fablica &#8211; Dossi\u00ea Digital"},"content":{"rendered":"<p>O dossi\u00ea inclui:<\/p>\n<ul type=\"disc\">\n<li><b>Enquadramento legal<\/b> claro e acess\u00edvel: sobre os conceitos fundamentais da Contrata\u00e7\u00e3o P\u00fablica, as principais tipologias de procedimentos e respetivas fases, documentos das propostas, etc.<\/li>\n<li><b>Guia pr\u00e1tico para operar em todas as plataformas eletr\u00f3nicas de Contrata\u00e7\u00e3o P\u00fablica<\/b>, nomeadamente: anoGov, acinGov, ComprasPT e VORTALgov<\/li>\n<li><b>Minutas\/Templates<\/b>\u00a0para apoio na tramita\u00e7\u00e3o dos procedimentos<\/li>\n<li><b>Boas pr\u00e1ticas para evitar erros\u00a0<\/b>que comprometam candidaturas e propostas<\/li>\n<li>Estrat\u00e9gias para\u00a0<b>maximizar oportunidades de neg\u00f3cio<\/b>\u00a0com o setor p\u00fablico<\/li>\n<\/ul>\n","protected":false},"excerpt":{"rendered":"<p><strong>G<\/strong><b>uia completo, pr\u00e1tico e atualizado<\/b>, que re\u00fane o\u00a0<b><u>conte\u00fado jur\u00eddico e pr\u00e1tico<\/u><\/b>\u00a0indispens\u00e1vel para o sucesso das empresas em Contrata\u00e7\u00e3o P\u00fablica.<\/p>\n","protected":false},"featured_media":3566,"template":"","meta":{"inline_featured_image":false},"product_cat":[139],"product_tag":[123,129,127,135,130,131,132,126,134,133],"_links":{"self":[{"href":"https:\/\/compraspt.com\/home\/wp-json\/wp\/v2\/product\/5188"}],"collection":[{"href":"https:\/\/compraspt.com\/home\/wp-json\/wp\/v2\/product"}],"about":[{"href":"https:\/\/compraspt.com\/home\/wp-json\/wp\/v2\/types\/product"}],"wp:featuredmedia":[{"embeddable":true,"href":"https:\/\/compraspt.com\/home\/wp-json\/wp\/v2\/media\/3566"}],"wp:attachment":[{"href":"https:\/\/compraspt.com\/home\/wp-json\/wp\/v2\/media?parent=5188"}],"wp:term":[{"taxonomy":"product_cat","embeddable":true,"href":"https:\/\/compraspt.com\/home\/wp-json\/wp\/v2\/product_cat?post=5188"},{"taxonomy":"product_tag","embeddable":true,"href":"https:\/\/compraspt.com\/home\/wp-json\/wp\/v2\/product_tag?post=5188"}],"curies":[{"name":"wp","href":"https:\/\/api.w.org\/{rel}","templated":true}]}}